ens digit of a?
5
Suppose -8*k - 1296 = -17*k. What is the units digit of k?
4
Suppose 2*i - 91 = 25. Let q be i/4 + (-7)/14. Suppose s - q = -2*m, -s = -4*s - 3*m + 33. What is the units digit of s?
8
Let z(w) = w + 7. Let s be z(-5). Suppose -s + 4 = 3*i + 4*t, 2*i + t = 3. What is the units digit of (36/21)/(i/14)?
2
Let g(n) = n**2 + 3*n - 5. Let s be g(-7). Let z = s - 35. What is the units digit of (z/15)/(2/(-15))?
6
Let k(z) = z**3 + 9*z**2 - 11*z - 5. Let l be k(-10). Let s = l + -12. Let g = 8 + s. What is the units digit of g?
1
Let i(w) = 3 + 1 - 10*w - 2 + 43*w. Let q be i(3). Let p = q - 53. What is the units digit of p?
8
Suppose 0 = -3*o + n - 387, -4*n = -5*o - 7*n - 631. Let b = 230 + o. What is the units digit of b?
2
Let a(m) = 13*m - 17*m**2 + m**3 - 2*m**3 + 15*m**2 + 5. What is the hundreds digit of a(-7)?
1
Suppose 4*o + 19 = -5. Let m = -2 - o. Suppose -m*u - 6 = -30. What is the units digit of u?
6
Let q be (2 - (-4)/(-1)) + 0. Let b be q/((-7)/(105/10)). Suppose 3*l + b*l = 6. What is the units digit of l?
1
Let c = -38 + 56. Let d = 92 + c. What is the tens digit of d?
1
Let y = -89 - -96. Let b(l) = l**3 - 5*l**2 - 10*l + 3. What is the units digit of b(y)?
1
Suppose 4*s + n - 294 = 0, 65 = s - 2*n - 4. Suppose 4*p - s = 63. What is the tens digit of p?
3
Let m(f) = f**3 + 4*f**2 - f - 3. Let g be m(-3). Let d(w) = w**3 - 8*w**2 + 10*w - 11. What is the units digit of d(g)?
0
Suppose 2798 = 3*t + 10*u - 11*u, 2*t - 1867 = u. What is the hundreds digit of t?
9
Let o(k) = -k + 5. Let t be o(5). Suppose 5*v - 145 = -t*v. What is the tens digit of v?
2
Let h(f) be the first derivative of -91*f**4/2 - 2*f**3/3 - f**2 - f - 34. What is the hundreds digit of h(-1)?
1
Let c(n) = -n**3 - 4*n**2 + 2. Let u be c(-4). Suppose 5*y = 3*y - u, -141 = -3*o - 3*y. What is the tens digit of o?
4
Suppose 5*f - 5 = -5*j - 15, -2*f + 24 = -5*j. What is the tens digit of (-8252)/(-32) + (-1)/(-8) - f?
5
What is the hundreds digit of (-230)/(-3)*((-30)/(-4))/5?
1
Let f(r) = -10*r**2 + 4*r + 2. Let t be f(-3). What is the units digit of t/40*348/(-10)?
7
Let x = 837 + 4317. What is the hundreds digit of (-8)/52 + x/39 + 0?
1
Let a = 41 - 19. Suppose h - a = 204. What is the tens digit of h?
2
Let d(b) = b**3 + 8*b**2 - 2*b + 7. Let u(w) = -w**3 - 8*w**2 + 2*w - 6. Let x(g) = -2*d(g) - 3*u(g). Suppose 11*k = 9*k - 16. What is the tens digit of x(k)?
2
Suppose -4*m + 2 + 14 = 0. Suppose -2*v = m*i + 8, 0 = -4*i + 3*v - 8. What is the units digit of i/(-5) - (-1246)/35?
6
Let q(o) = -2*o**3 + 6*o**2 + 13*o + 4. Let b be q(-4). What is the hundreds digit of 0 + 4 - -1*b?
1
Let z(t) = t**2 - 11*t + 12. Let v be z(10). Suppose -v*s - 765 = s. What is the tens digit of 3/4 + s/(-12)?
2
Let y(h) = h**3 - 12*h**2 + h + 5. Suppose -4*k = -8*k + c + 36, 3*k = 2*c + 32. Suppose -4 - k = -n. What is the tens digit of y(n)?
1
Let x(j) = -53*j - 13. Let y be x(-3). Suppose -y = -4*q - 22. What is the tens digit of q?
3
Let d(l) = -34*l + 344. What is the tens digit of d(-34)?
0
Let y = 125 + -30. Suppose 5 + y = 5*b. What is the tens digit of b?
2
Suppose -178*y + 164*y + 19684 = 0. What is the tens digit of y?
0
Suppose 0 = 3*l - 3*a + 6, l - 5*a = -3*l - 12. Suppose -l*f = 16 - 12. What is the units digit of -3 - ((f - 2) + -42)?
3
Suppose -2*u = -397 - 463. What is the units digit of u?
0
Suppose -531 - 809 = -10*g. What is the hundreds digit of g?
1
Suppose 7 = -3*m + 4*t, -4*t + 22 = m + m. Suppose -m*p = 34 - 244. What is the tens digit of p?
7
Suppose 1743 = 3*x - 2*p, 3*x - 10*p - 1734 = -5*p. What is the tens digit of x?
8
Let h = -207 + 637. What is the units digit of h?
0
What is the units digit of 17456/12 + 18/(-27)?
4
What is the tens digit of 9 - (3 + 819*-1)?
2
Suppose -7*z = -1327 - 3412. What is the tens digit of z?
7
Suppose 5*u = 15 + 5. Let s be ((-8)/(-10))/(u/130). Suppose 5*h + 0*x - 3*x - s = 0, 5*h - 30 = 5*x. What is the units digit of h?
4
Let g be -3*(0 + -2)*(-2839)/(-34). Suppose -q + g = 2*q. What is the hundreds digit of q?
1
Let t(q) be the third derivative of 0*q + 1/3*q**4 - 2/3*q**3 - 5*q**2 + 0. What is the tens digit of t(2)?
1
Suppose 0 = -5*x - 2*v + 537, -5*x + x + 2*v + 444 = 0. Let l(t) = -8*t**3 + 2*t**2 - 2*t + 1. Let u be l(2). Let f = x + u. What is the units digit of f?
0
Let g be ((-3)/(-2))/(1/(-6)). Let w = 13 + g. Suppose 86 = w*u + 5*n, 118 = 2*u + 3*u + n. What is the tens digit of u?
2
Suppose -3*g + 371 = -2*g + 3*q, -1510 = -4*g + q. What is the units digit of g?
7
Let j(q) = -3*q + 14. Let i be j(5). What is the units digit of (0 - i)/((-12)/(-756))?
3
Suppose 27*a - 14185 + 550 = 0. What is the tens digit of a?
0
Suppose -4*k + 4*n = -48, 7*k - 28 = 4*k - n. Suppose 2*h - k = 52. Suppose -2*o + 69 + h = 0. What is the units digit of o?
0
Let j be (8/3)/(2/3). Suppose 16 = -x - j*l + 69, -157 = -4*x - 5*l. Suppose 0 = -5*v - x + 168. What is the tens digit of v?
2
Let q be (-2 - -6)*(-34)/4. Suppose -k = 3*y - 2*y - 51, 5*k + 4*y = 251. Let x = k + q. What is the units digit of x?
3
Let n be (0 - (-3 - -2)) + 71. Let b(k) = -3*k - 3. Let z be b(16). Let x = n + z. What is the units digit of x?
1
Suppose 42 + 75 = 3*b. Suppose 5*c + 25 = 0, 5*c - 14 = -5*s + 31. Let v = b - s. What is the tens digit of v?
2
Let h = 35 - -11. Suppose y + y - h = 0. What is the units digit of y?
3
Let s(i) = -i**3 + 3*i + 15. Let v(g) = 4*g**3 + g**2 - 11*g - 61. Let m(h) = 9*s(h) + 2*v(h). What is the tens digit of m(-5)?
6
What is the hundreds digit of 15/(450/460)*27?
4
Suppose -5*g = -4*f - 65, -4*g + 12 = 3*f + 53. Let k = f + 20. Suppose k*u + 2*z - 27 = 0, 2*u = -6*z + 2*z - 2. What is the units digit of u?
7
Let m(x) = 318*x**2 - 3*x - 1. Let a be m(-1). Suppose 3*c + 41 = a. What is the units digit of c?
3
Let r = 15 + -7. Let w = -8 + r. Suppose -22 = -m - w*m - 4*i, -3*m = 5*i - 45. What is the units digit of m?
0
What is the thousands digit of ((-10674)/(-10) - 1) + 50/(-125)?
1
Let y = 40 - 34. What is the units digit of (-9)/(-27) + 286/y?
8
Suppose 12 = -4*g - r, -g = 2*g + 3*r + 9. What is the tens digit of (352/6 - 3)/((-1)/g)?
6
Suppose -29*f = -24*f - 6635. What is the tens digit of f?
2
Let f(d) be the first derivative of d**3/3 + d**2 + 3*d + 1. Let j be f(-2). Suppose j*h - u - 18 - 105 = 0, -92 = -2*h + 4*u. What is the tens digit of h?
4
Let y = -13 + 41. Suppose 5*u + 4 = q, -2*q + 4*u + 4 = -q. Suppose 32 = q*d - y. What is the units digit of d?
5
Let k(t) = 6*t**2 - 18*t + 40. What is the units digit of k(9)?
4
Let r be (48/64)/(1/168). Let n = -51 + r. What is the units digit of n?
5
Let j(y) = -y**2 - 19*y + 17. Let w be j(-20). What is the tens digit of w - 108/((-4)/4)?
0
Suppose 0 = -3*z + 71 + 76. Suppose -g - 4*h = -z, 5*g - 261 = 2*h - 6*h. What is the units digit of g?
3
Let q be (0 - 6/(-8)) + 5919/12. Let w = q - 342. What is the hundreds digit of w?
1
Suppose -4*f - 19 + 3 = 0. Let i be (-14)/f*(4 - 2). Let v(n) = 7*n + 4. What is the tens digit of v(i)?
5
Suppose 3*x + o = 4794, 2*o = 3*x - 3496 - 1289. What is the thousands digit of x?
1
Suppose 3*f + v - 3614 = 0, -4 - 2 = -3*v. What is the units digit of f?
4
Let f(v) = v**3 + 2*v**2 - 4*v - 3. Let y be f(-2). Suppose 5*l = -4*i - 51, 1 = -l + y*i + 14. Let w = 1 - l. What is the units digit of w?
8
Let v(g) be the second derivative of g**4/12 - 5*g**3/3 - g**2 - 8*g. What is the units digit of v(11)?
9
Let t be 5*(-1 - -45 - (-5 + 6)). Let g = t - 125. What is the units digit of g?
0
Let z = -48 + 64. Suppose 47 = z*h - 15*h. What is the tens digit of h?
4
Let j be (0 + -2)/((-2)/24). Suppose 0 = 30*d - 23 + 143. What is the units digit of (j/2)/d + 33?
0
Let m(x) = -x**3 + 5*x**2 + 6. Let k be m(5). What is the tens digit of 58/(-4 + k) - 0?
2
Let c = 22 + -20. Suppose 7*z = 8*z + 2*s - 80, -125 = -c*z + 3*s. What is the units digit of z?
0
Let u = 612 - 268. What is the hundreds digit of u?
3
Let n(v) = 80*v - 8. Let c be n(2). Suppose 2*q - c = p, 5*p = -0*q + 3*q - 214. What is the units digit of q?
8
Let t(x) = 46*x - 47. What is the hundreds digit of t(10)?
4
Suppose -9*a + 471 = -402. Let v = a + -15. What is the units digit of v?
2
Let a(c) = 4*c + 180. What is the hundreds digit of a(-9)?
1
Let v be (1*-2 + 